{"id":1588,"date":"2022-09-16T17:13:00","date_gmt":"2022-09-16T15:13:00","guid":{"rendered":"https:\/\/dagochnatt.shop\/0760232700\/om\/"},"modified":"2022-09-16T17:13:04","modified_gmt":"2022-09-16T15:13:04","slug":"om","status":"publish","type":"page","link":"https:\/\/dagochnatt.shop\/0760232700\/om\/","title":{"rendered":"Om"},"content":{"rendered":"\t\t<div data-elementor-type=\"wp-page\" data-elementor-id=\"1588\" class=\"elementor elementor-1588\" data-elementor-post-type=\"page\">\n\t\t\t\t\t\t<section class=\"elementor-section elementor-top-section elementor-element elementor-element-2b05fbda elementor-section-boxed elementor-section-height-default elementor-section-height-default\" data-id=\"2b05fbda\" data-element_type=\"section\" data-e-type=\"section\">\n\t\t\t\t\t\t<div class=\"elementor-container elementor-column-gap-default\">\n\t\t\t\t\t<div class=\"elementor-column elementor-col-100 elementor-top-column elementor-element elementor-element-2138d339\" data-id=\"2138d339\" data-element_type=\"column\" data-e-type=\"column\">\n\t\t\t<div class=\"elementor-widget-wrap elementor-element-populated\">\n\t\t\t\t\t\t\t<\/div>\n\t\t<\/div>\n\t\t\t\t\t<\/div>\n\t\t<\/section>\n\t\t\t\t<section class=\"elementor-section elementor-top-section elementor-element elementor-element-6c7e2065 elementor-section-boxed elementor-section-height-default elementor-section-height-default\" data-id=\"6c7e2065\" data-element_type=\"section\" data-e-type=\"section\">\n\t\t\t\t\t\t<div class=\"elementor-container elementor-column-gap-default\">\n\t\t\t\t\t<div class=\"elementor-column elementor-col-50 elementor-top-column elementor-element elementor-element-5e4879a8\" data-id=\"5e4879a8\" data-element_type=\"column\" data-e-type=\"column\">\n\t\t\t<div class=\"elementor-widget-wrap elementor-element-populated\">\n\t\t\t\t\t\t<div class=\"elementor-element elementor-element-6e84fda6 elementor-widget elementor-widget-heading\" data-id=\"6e84fda6\" data-element_type=\"widget\" data-e-type=\"widget\" data-widget_type=\"heading.default\">\n\t\t\t\t<div class=\"elementor-widget-container\">\n\t\t\t\t\t<h2 class=\"elementor-heading-title elementor-size-default\">Om mig som smyckekonsult<\/h2>\t\t\t\t<\/div>\n\t\t\t\t<\/div>\n\t\t\t\t<div class=\"elementor-element elementor-element-72f6e10e elementor-widget elementor-widget-text-editor\" data-id=\"72f6e10e\" data-element_type=\"widget\" data-e-type=\"widget\" data-widget_type=\"text-editor.default\">\n\t\t\t\t<div class=\"elementor-widget-container\">\n\t\t\t\t\t\t\t\t\t<p>Presentation av smyckekonsulten.<\/p>\t\t\t\t\t\t\t\t<\/div>\n\t\t\t\t<\/div>\n\t\t\t\t\t<\/div>\n\t\t<\/div>\n\t\t\t\t<div class=\"elementor-column elementor-col-50 elementor-top-column elementor-element elementor-element-73b3a10a\" data-id=\"73b3a10a\" data-element_type=\"column\" data-e-type=\"column\">\n\t\t\t<div class=\"elementor-widget-wrap elementor-element-populated\">\n\t\t\t\t\t\t<div class=\"elementor-element elementor-element-13a54df elementor-widget elementor-widget-heading\" data-id=\"13a54df\" data-element_type=\"widget\" data-e-type=\"widget\" data-widget_type=\"heading.default\">\n\t\t\t\t<div class=\"elementor-widget-container\">\n\t\t\t\t\t<h2 class=\"elementor-heading-title elementor-size-default\">Om dag och natt<\/h2>\t\t\t\t<\/div>\n\t\t\t\t<\/div>\n\t\t\t\t<div class=\"elementor-element elementor-element-46ab297a elementor-widget elementor-widget-text-editor\" data-id=\"46ab297a\" data-element_type=\"widget\" data-e-type=\"widget\" data-widget_type=\"text-editor.default\">\n\t\t\t\t<div class=\"elementor-widget-container\">\n\t\t\t\t\t\t\t\t\t<p>dag och natt grundades av Pernilla Lopez Appelgren 2006 i G\u00f6teborg. H\u00e4r beskriver hon sj\u00e4lv sina tankar:<\/p>\t\t\t\t\t\t\t\t<\/div>\n\t\t\t\t<\/div>\n\t\t\t\t<div class=\"elementor-element elementor-element-2f6e34d6 elementor-widget elementor-widget-text-editor\" data-id=\"2f6e34d6\" data-element_type=\"widget\" data-e-type=\"widget\" data-widget_type=\"text-editor.default\">\n\t\t\t\t<div class=\"elementor-widget-container\">\n\t\t\t\t\t\t\t\t\t<p>\u201dEfter flera \u00e5rs arbete utomlands och sedan mammaledighet samt flytt<br \/>tillbaka till Sverige k\u00e4nde jag mig inspirerad att starta n\u00e5got som kan gynna kvinnan p\u00e5 alla s\u00e4tt.<br \/>Jag \u00e4r genuint intresserad av design och hade m\u00e5nga id\u00e9er med mig fr\u00e5n tiden utomlands. Tidigare har jag arbetat som ekonom och k\u00e4nde till v\u00e4gar f\u00f6r att hitta bra leverant\u00f6rer i utlandet samt hur importerna fungerar.<br \/>I Kina valde jag att v\u00e4nda mig till en liten leverant\u00f6r som jag vet behandlar sina anst\u00e4llda med stor respekt snarare \u00e4n att v\u00e4nda sig till en stor fabrik d\u00e4r man inte har n\u00e5gon kontroll. Att leverant\u00f6ren \u00e4r en v\u00e4ldigt driftig kvinna som driver en l\u00f6nsam aff\u00e4r och tar hj\u00e4lp av sin man (som springer \u00e4renden \u00e5t henne) gjorde valet l\u00e4tt. Under tiden som jag har varit verksam har jag f\u00e5tt v\u00e4ldigt stort f\u00f6rtroende f\u00f6r leverant\u00f6ren och sett hur hon ocks\u00e5 har kunnat v\u00e4xa och hur vi litar p\u00e5 varandra f\u00f6r fortsatt bra samarbete.<br \/>I Sverige valde jag att bygga upp ett s\u00e4ljn\u00e4tverk av hemf\u00f6rs\u00e4ljare f\u00f6r att kunna erbjuda kvinnor i min egen situation att f\u00e5 en bra extra inkomst. Att det sedan visat sig vara v\u00e4ldigt trevligt att f\u00e5 s\u00e5 otroligt m\u00e5nga bra kontakter av driftiga m\u00e4nniskor \u00e4r en positiv effekt av det hela.\u201d<\/p>\t\t\t\t\t\t\t\t<\/div>\n\t\t\t\t<\/div>\n\t\t\t\t<div class=\"elementor-element elementor-element-cf5e9d4 elementor-widget elementor-widget-text-editor\" data-id=\"cf5e9d4\" data-element_type=\"widget\" data-e-type=\"widget\" data-widget_type=\"text-editor.default\">\n\t\t\t\t<div class=\"elementor-widget-container\">\n\t\t\t\t\t\t\t\t\t<p>2019 var Pernilla redo f\u00f6r nya utmaningar i livet och l\u00e4mnade d\u00e5 \u00f6ver verksamheten till Veronika Berg som varit \u00e5terf\u00f6rs\u00e4ljare f\u00f6r dag och natt sedan 2008.<\/p>\t\t\t\t\t\t\t\t<\/div>\n\t\t\t\t<\/div>\n\t\t\t\t<div class=\"elementor-element elementor-element-13110b64 elementor-widget elementor-widget-text-editor\" data-id=\"13110b64\" data-element_type=\"widget\" data-e-type=\"widget\" data-widget_type=\"text-editor.default\">\n\t\t\t\t<div class=\"elementor-widget-container\">\n\t\t\t\t\t\t\t\t\t<p>&#8221;Jag hade jobbat med hemf\u00f6rs\u00e4ljning under en tid och s\u00e5lde smycken f\u00f6r ett annat f\u00f6retag som en fredagseftermiddag mejlade oss \u00e5terf\u00f6rs\u00e4ljare att de g\u00e5tt i konkurs. &#8217;Jaha&#8217; t\u00e4nkte jag &#8217;det \u00e4r v\u00e4l kanske slutet p\u00e5 en era d\u00e5&#8230;&#8217; och b\u00f6rjade ringa runt mina v\u00e4rdinnor och avboka. Andra v\u00e4rdinnan skruvade lite p\u00e5 sig och fr\u00e5gade om jag kom med n\u00e5got annat d\u00e5 ist\u00e4llet &#8211; hon var n\u00e4mligen nyinflyttad p\u00e5 gatan och hade bjudit in sina grannar till evenemanget som en &#8217;l\u00e4ra-k\u00e4nna-grej&#8217;. &#8217;Jag ska se&#8230;&#8217; sa jag och googlade lite, hittade dag och natt och var och h\u00e4mtade en kollektion i b\u00f6rjan av veckan efter. Sen rullade det p\u00e5 ganska bra, det unika koncept Pernilla tagit fram med l\u00f6sa l\u00e4nkar och l\u00f6sa h\u00e4ngen som l\u00e5ter kunden sj\u00e4lv kombinera ihop sitt favoritsmycke gjorde det v\u00e4ldigt enkelt att boka nya visningar.\u00a0<br \/>Jag har ocks\u00e5 varit ute p\u00e5 m\u00e4ssor och dylikt och presenterat dag och natt.<\/p><p>2019 mejlade Pernilla mig och fr\u00e5gade om jag var intresserad av att ta \u00f6ver och den fr\u00e5gan kr\u00e4vde inte s\u00e5 mycket tanke om man s\u00e4ger s\u00e5. Att det sedan kom en pandemi och satte k\u00e4ppar i hjulet f\u00f6r mycket preskriberar vi nu och blickar fram\u00e5t.\u00a0<\/p><p>Jag vet vad dag och natt gav mig n\u00e4r jag var mammaledig, och jag hoppas kunna erbjuda samma gl\u00e4dje, samma &#8217;l\u00e4ttf\u00f6rtj\u00e4nta pengar&#8217; och samma inspiration som jag sj\u00e4lv m\u00e5tt s\u00e5 gott under som \u00e5terf\u00f6rs\u00e4ljare till m\u00e5nga andra kvinnor. (Givetvis m\u00e5ste man inte vara mammaledig f\u00f6r att jobba med dag och natt! \ud83d\ude09 &#8221;<\/p>\t\t\t\t\t\t\t\t<\/div>\n\t\t\t\t<\/div>\n\t\t\t\t\t<\/div>\n\t\t<\/div>\n\t\t\t\t\t<\/div>\n\t\t<\/section>\n\t\t\t\t<\/div>\n\t\t","protected":false},"excerpt":{"rendered":"<p>Om mig som smyckekonsult Presentation av smyckekonsulten. Om dag och natt dag och natt grundades av Pernilla Lopez Appelgren 2006 i G\u00f6teborg. H\u00e4r beskriver hon sj\u00e4lv sina tankar: \u201dEfter flera \u00e5rs arbete utomlands och sedan mammaledighet samt flytttillbaka till Sverige k\u00e4nde jag mig inspirerad att starta n\u00e5got som kan gynna kvinnan p\u00e5 alla s\u00e4tt.Jag \u00e4r [&hellip;]<\/p>\n","protected":false},"author":1,"featured_media":0,"parent":0,"menu_order":0,"comment_status":"closed","ping_status":"closed","template":"","meta":{"site-sidebar-layout":"no-sidebar","site-content-layout":"page-builder","ast-site-content-layout":"default","site-content-style":"default","site-sidebar-style":"default","ast-global-header-display":"","ast-banner-title-visibility":"","ast-main-header-display":"","ast-hfb-above-header-display":"","ast-hfb-below-header-display":"","ast-hfb-mobile-header-display":"","site-post-title":"disabled","ast-breadcrumbs-content":"","ast-featured-img":"disabled","footer-sml-layout":"","ast-disable-related-posts":"","theme-transparent-header-meta":"","adv-header-id-meta":"","stick-header-meta":"","header-above-stick-meta":"","header-main-stick-meta":"","header-below-stick-meta":"","astra-migrate-meta-layouts":"default","ast-page-background-enabled":"default","ast-page-background-meta":{"desktop":{"background-color":"var(--ast-global-color-4)","background-image":"","background-repeat":"repeat","background-position":"center center","background-size":"auto","background-attachment":"scroll","background-type":"","background-media":"","overlay-type":"","overlay-color":"","overlay-opacity":"","overlay-gradient":""},"tablet":{"background-color":"","background-image":"","background-repeat":"repeat","background-position":"center center","background-size":"auto","background-attachment":"scroll","background-type":"","background-media":"","overlay-type":"","overlay-color":"","overlay-opacity":"","overlay-gradient":""},"mobile":{"background-color":"","background-image":"","background-repeat":"repeat","background-position":"center center","background-size":"auto","background-attachment":"scroll","background-type":"","background-media":"","overlay-type":"","overlay-color":"","overlay-opacity":"","overlay-gradient":""}},"ast-content-background-meta":{"desktop":{"background-color":"var(--ast-global-color-5)","background-image":"","background-repeat":"repeat","background-position":"center center","background-size":"auto","background-attachment":"scroll","background-type":"","background-media":"","overlay-type":"","overlay-color":"","overlay-opacity":"","overlay-gradient":""},"tablet":{"background-color":"var(--ast-global-color-5)","background-image":"","background-repeat":"repeat","background-position":"center center","background-size":"auto","background-attachment":"scroll","background-type":"","background-media":"","overlay-type":"","overlay-color":"","overlay-opacity":"","overlay-gradient":""},"mobile":{"background-color":"var(--ast-global-color-5)","background-image":"","background-repeat":"repeat","background-position":"center center","background-size":"auto","background-attachment":"scroll","background-type":"","background-media":"","overlay-type":"","overlay-color":"","overlay-opacity":"","overlay-gradient":""}},"footnotes":""},"class_list":["post-1588","page","type-page","status-publish","hentry"],"_links":{"self":[{"href":"https:\/\/dagochnatt.shop\/0760232700\/wp-json\/wp\/v2\/pages\/1588","targetHints":{"allow":["GET"]}}],"collection":[{"href":"https:\/\/dagochnatt.shop\/0760232700\/wp-json\/wp\/v2\/pages"}],"about":[{"href":"https:\/\/dagochnatt.shop\/0760232700\/wp-json\/wp\/v2\/types\/page"}],"author":[{"embeddable":true,"href":"https:\/\/dagochnatt.shop\/0760232700\/wp-json\/wp\/v2\/users\/1"}],"replies":[{"embeddable":true,"href":"https:\/\/dagochnatt.shop\/0760232700\/wp-json\/wp\/v2\/comments?post=1588"}],"version-history":[{"count":3,"href":"https:\/\/dagochnatt.shop\/0760232700\/wp-json\/wp\/v2\/pages\/1588\/revisions"}],"predecessor-version":[{"id":1665,"href":"https:\/\/dagochnatt.shop\/0760232700\/wp-json\/wp\/v2\/pages\/1588\/revisions\/1665"}],"wp:attachment":[{"href":"https:\/\/dagochnatt.shop\/0760232700\/wp-json\/wp\/v2\/media?parent=1588"}],"curies":[{"name":"wp","href":"https:\/\/api.w.org\/{rel}","templated":true}]}}